the prime factors of j?
2, 5, 29
Let w = 506 + -304. List the prime factors of w.
2, 101
Let y(p) = -5*p + 15. Let o be y(12). List the prime factors of (o/12)/((-6)/32).
2, 5
Let c(a) = 0 - 2*a + 0*a + 10 + 4*a. Let v be c(-7). Let q = v + 10. List the prime factors of q.
2, 3
Let p be 3 + -2 - (-28)/4. Let g = p + -5. List the prime factors of g.
3
Let c(v) = v**3 - 4*v**2 - 3*v - 1. Let t be c(5). Let w(k) = -k**2 + 12*k - 12. List the prime factors of w(t).
3, 5
Suppose 2*b + 252 = 2*j, -522 = -4*j - 5*b - 0*b. List the prime factors of j.
2
Let u(o) = -o**3 + 5*o**2 + o - 5. List the prime factors of u(4).
3, 5
Let g = 68 + -126. Let o be g/4 - (-2)/4. Let u = -7 - o. List the prime factors of u.
7
Suppose 0 = -2*j + 4 + 4. Suppose 3*o - 12 = j*o. Let h = 6 - o. List the prime factors of h.
2, 3
Let f(m) = m**2 + 5*m - 16. List the prime factors of f(-10).
2, 17
Let v be ((-4)/5)/((-10)/25). Let y be -20*(0 + v/(-2)). Let m = -11 + y. List the prime factors of m.
3
Suppose 0 = -2*h, -m - 2*h = 2*h - 2. Let y be 0/((-1)/(m/4)). What are the prime factors of -2 + 5 - (0 + y)?
3
Suppose 5*s + 65 = 5*h, -3 = -2*s - 11. Let l = 25 + h. What are the prime factors of l?
2, 17
Let s be 2/7 - 2/7. Suppose -2 = 2*l - 10. Suppose s = t - 1 - l. What are the prime factors of t?
5
Let w be -3*1 + -3 + 3. Let i(h) = h**3 + 4*h**2 - 3. List the prime factors of i(w).
2, 3
Let j(l) = -22*l - 7. Let w(n) = 22*n + 8. Let t(i) = 5*j(i) + 4*w(i). What are the prime factors of t(-2)?
41
Let v = -9 + 16. What are the prime factors of v?
7
Suppose -4*c = -10 + 2. Suppose 0 = -c*u + f - 6 + 51, 5*u + 4*f - 145 = 0. List the prime factors of u.
5
Let r(i) = i**3 + 6*i**2 + 7*i + 7. Let u be r(-5). Let l = 29 - u. List the prime factors of l.
2
Let w be (0/((-8)/(-2)))/2. Suppose f + w*v + 4*v - 62 = 0, -6 = -2*v. List the prime factors of f.
2, 5
Let y = -6 - -8. Suppose y*t + 2*t - 52 = 0. List the prime factors of t.
13
Let u = 38 + -23. Let i = u + -8. List the prime factors of i.
7
Let t(n) = n**2 - 12*n + 3. List the prime factors of t(15).
2, 3
Suppose -332 = 2*i + 2*i. Let j = i - -45. Let b = -27 - j. List the prime factors of b.
11
Let z = 0 + -4. Let n(h) be the third derivative of h**4/24 + 3*h**3/2 + 2*h**2. What are the prime factors of n(z)?
5
Let o = 5 + -2. Let h be (-8)/(-2 + 3/o). Suppose 4*k + 0*k = h. List the prime factors of k.
2
Let q(a) = 5*a. Suppose 3*v + 3 = 4*v + b, 0 = 2*v - b - 9. What are the prime factors of q(v)?
2, 5
Let d = -14 + 19. Suppose -25 = d*v - 170. List the prime factors of v.
29
Suppose -2 = -q, 170 + 80 = 2*o - 2*q. Suppose 0*b + 101 = 3*v - 2*b, 4*v + 5*b = o. List the prime factors of v.
3, 11
List the prime factors of (-230)/(-6) + 3/(-9).
2, 19
Let p = -5 + 3. Let a be (-2 + 3)*(p + 1). List the prime factors of 1/a*-11 - 2.
3
Suppose 2 = c, -c - 3*c = -4*h + 336. List the prime factors of h.
2, 43
Let o(b) = -b + 16. Let p be o(0). Suppose -2*c + 4*j = -p, -j = j - 8. What are the prime factors of c?
2
Let h = -186 - -281. Suppose h = 4*s + s. List the prime factors of s.
19
Suppose -6*s + 4*s + 122 = 0. Suppose -4*p = -4*o + 56, -3*o + s = o - 5*p. What are the prime factors of o?
3
Suppose 0*r - 4*r + 156 = 0. What are the prime factors of r?
3, 13
Let w = -57 - -133. List the prime factors of w.
2, 19
List the prime factors of 172/4 - 3 - 1.
3, 13
Let i be (5 - 2) + 3 + -2. Suppose -5*a = -i*q + 3*q - 41, 0 = -a - 5*q + 3. What are the prime factors of a?
2
Suppose -4*s - u + 22 = -3*u, 2*s = 3*u + 17. List the prime factors of s.
2
Let y(x) = -2*x**3 - 3*x**2 - x + 4. List the prime factors of y(-3).
2, 17
Let c(i) = -i**2 + 4*i - 2. Let x be c(2). Let h(s) = 0*s**2 - 2*s**2 - 6 + 3*s**x - 7*s. What are the prime factors of h(8)?
2
Let r(w) = 9*w + 2*w**2 - 2*w**2 - 8 - 17*w - w**2. Let u be 9/(-1 - (-2)/(-4)). What are the prime factors of r(u)?
2
Let f(r) = -4*r + 1 + 0*r**2 - r**2 + 10*r**3 + 3*r. Let x = 3 + -2. What are the prime factors of f(x)?
3
Let l(g) = -g**3 + 2*g**2 + g. Let n be l(2). Suppose n*u = -0 + 6. List the prime factors of u.
3
What are the prime factors of 645/18 - 1/(-6)?
2, 3
Suppose 5*q - 6 = 4. Suppose y = 2*f - 18, q*f - 7*f + y = -42. What are the prime factors of f?
2
Suppose 2*c + 4 = 0, 3*z - 2 = -5*c + 3. Let n = 5 + -5. Suppose -z*u + 4*s = -n*u - 30, 0 = -s + 5. What are the prime factors of u?
2, 5
Let c = 83 - 39. Let r be (-1 + 56/(-6))*-3. Let f = c - r. List the prime factors of f.
13
Let l = -10 + 19. What are the prime factors of l?
3
List the prime factors of 130/3 - (-12)/18.
2, 11
Let z be (-8 - -7)*8*1. List the prime factors of z/12 + (-88)/(-6).
2, 7
Let c be (-6)/(-2 + 2/4). Suppose -8 = -3*a + 2*t, -2*t + t = -5. Suppose -3*i + 28 = c*b, 5*b - a*i = -3*i + 35. List the prime factors of b.
7
Suppose -5*y + 10 = -p - 2*p, 2*y = p + 4. Suppose 0 = -p*o - 4*o + 72. Let s = o - 8. What are the prime factors of s?
2, 5
Let d be 17 - 2*(-1)/2. Suppose -12 - d = -3*o. List the prime factors of o.
2, 5
Let i be -10*-1*2/2. Let l = 8 + i. List the prime factors of 312/54 - (-4)/l.
2, 3
Let d(q) = -2*q + 4. List the prime factors of d(-6).
2
Suppose -3*f - 9 = -3*w, -1 + 4 = w + f. Suppose -2*o + 15 = w*o. What are the prime factors of o?
3
Let w(d) = d**2 - 4*d + 3. Let i be w(4). Let o be -2 - (i/(-1))/3. List the prime factors of (5 + o)/(8/12).
2, 3
Let v(r) = r + 9. Let f be v(-6). Suppose f*a - a - 10 = 0. Suppose -2*k - 3*d = 2*d - 50, 2*d = a*k - 67. List the prime factors of k.
3, 5
Let a = -6 + 10. Suppose a*m + 0*m = -4*f - 28, 5*f + 26 = -2*m. What are the prime factors of (2 - 1)*(-9)/m?
3
Suppose 17 = 5*w + 2. Let v(b) = -1 - w*b - b + 8*b**2 + 5*b. What are the prime factors of v(1)?
2
Let a = 31 + -28. What are the prime factors of a?
3
Let h(c) = -c**2 - 15*c + 6. List the prime factors of h(-15).
2, 3
Let p be (2 - (0 - 0)) + 2. Let y be ((-50)/p)/(3/(-6)). Suppose 2*h = -3 + y. What are the prime factors of h?
11
Let l(i) = 14*i + 25. List the prime factors of l(11).
179
Let p = 2 - -2. Suppose -p*d + 78 = -d. List the prime factors of d.
2, 13
Suppose -3*n - 2*d = -74, -4 - 1 = d. Let w = 52 - n. List the prime factors of w.
2, 3
Suppose -h = 5 - 13. Let u be 15/4 - 6/h. Suppose 3*z - 15 - u = 0. List the prime factors of z.
2, 3
Let m be -1 + 6 - (-1 + 4). List the prime factors of -2*(m/4 - 2).
3
Let o(s) = -s + 7. Let c be o(-5). Let n be ((-8)/(-12))/(2/c). Suppose n*y - 36 = 12. List the prime factors of y.
2, 3
What are the prime factors of (2 + -3)/1 - -35?
2, 17
Let t be 2/9 + (-68)/(-18). Let b(l) = -2*l + t*l + l**2 - 6*l. List the prime factors of b(5).
5
List the prime factors of 91 + (2 - 0 - 5).
2, 11
Suppose -3*n = -3*p - 156 - 54, -3*n + 5*p = -204. What are the prime factors of n?
73
Suppose 5*h - 10 - 5 = 0. Let j = 15 - h. What are the prime factors of j?
2, 3
Suppose 8*m = -0*m + 488. List the prime factors of m.
61
Let y be 3/(-3)*1 + 40. Suppose l = -16 + y. List the prime factors of l.
23
Let n = 50 - 0. What are the prime factors of n?
2, 5
Let k(n) = -n**3 + 7*n**2 + 6*n - 8. Let b be k(7). Suppose 0 = -5*q - 3*f + 55, q - 2*q + b = -4*f. What are the prime factors of q?
2, 7
Suppose -2*w + 36 + 40 = -4*z, -4*w = -3*z - 127. Let u = -16 + w. What are the prime factors of u?
2, 3
Let q(g) = -g**3 - 3*g**2 + 11*g + 10. List the prime factors of q(-8).
2, 11
Let j(w) = -w**3 + 6*w**2 - 4*w - 2. Let a be 12/10*5/2. Suppose 0 = a*l - 16 + 1. What are the prime factors of j(l)?
3
Let g(c) = 26*c**3 - c**2 + c - 1. What are the prime factors of g(1)?
5
Let x(q) be the second derivative of -4*q**3/3 + 5*q**2/2 + 5*q. What are the prime factors of x(-3)?
29
Let q(v) = -v**2 + 7*v - 5. Suppose 0 = 3*d, 2*f - 6 = d + 6. Let p be q(f). Let s = 3 + p. What are the prime factors of s?
2
List the prime factors of (11 - 7)/(6/255).
2, 5, 17
Let t = 9 + -4. Suppose -i + 33 = -0*h + 2*h, -5*h = t*i - 70. What are the prime factors of h?
19
Suppose 3*k - k - 16 = 0. What are the prime factors of k?
2
Let f = -100 + 147. What are the prime factors of f?
47
Let m(t) = t**3 - 3*t**2 + 3 - 2 + 3 + 2*t - 2. List the prime factors of m(2).
2
Suppose -4*i - 3*l + 2*l - 24 = 0, -2*i + 5*l = 12. List the prime factors of (-24)/(-9)*i/(-8).
2
Suppo